ded by 18?
15
Suppose 10*m - 6*m - 176 = -2*q, -2*m + 88 = 5*q. What is the remainder when m is divided by 25?
19
Let z be ((-1)/4)/(2/(-40)). Calculate the remainder when (-2 + 3)/(6 - z) is divided by 1.
0
Let n = 564 - 543. Calculate the remainder when 50 is divided by n.
8
Suppose -3*l + 30 = -0*l. Calculate the remainder when (722/57 + -14)*-21 is divided by l.
8
Suppose -38*j + 832 = -22*j. Calculate the remainder when j is divided by 27.
25
Let y = 99 - 66. Let r = -5 + y. Suppose -8*s + 50 = -3*s. Calculate the remainder when r is divided by s.
8
Suppose z - 9 = -2*d + 13, 2*d + 4*z - 22 = 0. Calculate the remainder when d is divided by 4.
3
Let l(o) = -o**3 - 20*o**2 + 4. Let u be l(-20). Suppose -2*k + 109 = -j + 3, u*k + 2*j = 212. What is the remainder when k is divided by 16?
5
Let x be (-8 - -5 - -8) + -3. Suppose -x*q = 2*h - 26, -4*q + 35 = -2*h - 17. What is the remainder when 37 is divided by q?
11
What is the remainder when (-8)/(-10)*(141 - (-63)/7) is divided by 34?
18
Suppose j - 61 = -3*d, -3*j - j + 228 = -4*d. Let y = -20 + 26. Calculate the remainder when j is divided by y.
4
Suppose 3*z = -2*o - 9, -3*o + 3 = -7*o - z. Suppose o = 3*k - 2*n + n - 86, 5*n + 94 = 3*k. Let s = k - 12. What is the remainder when s is divided by 6?
4
Suppose -i - 5*c + 25 = 0, i = 2*i - 5*c + 25. Let m(l) = l**2 + 50. What is the remainder when m(i) is divided by 18?
14
Suppose 71*w - 3168 = 27*w. Calculate the remainder when 142 is divided by w.
70
What is the remainder when (-16)/6 + 4 - (-154)/6 is divided by 3/((3/1)/15)?
12
Let s = -891 - -958. What is the remainder when 85 is divided by s?
18
Suppose -3*k = 2*l - 6*l - 364, 5*l = 2*k - 448. Let j = l + 104. Calculate the remainder when 31 is divided by j.
15
Suppose 0 = -3*u - 5*r + 2702, 15*r + 2699 = 3*u + 17*r. What is the remainder when u is divided by 60?
59
Let w(s) = s**2 - 23*s + 65. Suppose -506 = -34*r + 11*r. Suppose 0 = 5*x - x - 44. Calculate the remainder when w(r) is divided by x.
10
Suppose -2*o + 97 = z, o = 5*z - 2*o - 537. What is the remainder when z is divided by 9?
6
Suppose 0 = 3*a + 2*a - 115. Let s be -10*(3 - 1 - -3). What is the remainder when a is divided by (-66)/(-5) + 10/s?
10
Suppose 8*f + 7*f - 60 = 0. Suppose 8*k - 92 = f*k. Calculate the remainder when 90 is divided by k.
21
Let l(h) = -h**2 + 4*h + 58. Let o(v) = 3*v**2 + v + 5. What is the remainder when o(-4) is divided by l(-5)?
10
Suppose -10*k + 349 = -21. What is the remainder when 93 is divided by k?
19
Let x = 591 - 176. Suppose -2*v + 5*b + x = 0, 3*v - 4*b + 3*b = 590. Calculate the remainder when v is divided by 14.
13
Suppose 5*o + 3*k - 54 = 0, 4*k + 21 = 2*o - 11. Suppose s + 3 = o. Suppose -4*n + 14 = v, 43 = v + v + 3*n. What is the remainder when v is divided by s?
8
Suppose 4*d - d = 93. Let a = -1015 - -1032. Calculate the remainder when d is divided by a.
14
Suppose 4*d - 8*d + 40 = 0. Suppose -13*w - 15*w + 252 = -224. What is the remainder when w is divided by d?
7
Suppose 0*x - 4*x - 212 = 0. Let p = 69 + x. Suppose 5*g - j = 225, -2*g = 2*j - 73 - 17. What is the remainder when g is divided by p?
13
Let b(n) = -n - 2. Let i be b(1). Let v = i + 12. What is the remainder when 33 is divided by v?
6
Suppose i = 4, 4*b - 24 = -i - 2*i. Suppose 38 + 10 = b*m - q, -m + 5*q = -16. Calculate the remainder when 46 is divided by m.
14
Let c(o) = o**3 + 35*o**2 - 74*o + 16. What is the remainder when 37 is divided by c(-37)?
5
Let f(j) = -22*j + 1. Let v(x) = x**3 + 45*x**2 + 65*x - 867. What is the remainder when f(-3) is divided by v(-43)?
31
Suppose 0*s = -11*s + 55. Suppose -3*p = s*u - 51, u + p - 38 = -3*u. What is the remainder when 14 is divided by u?
5
Let s = -11 + 18. Let n = 92 - 73. Calculate the remainder when n is divided by s.
5
Let i(y) = -11*y**3 - y**2. Let r be i(-1). Suppose -23 = -r*o + 9*o. What is the remainder when o is divided by 15?
8
Suppose 0 = 4*q - u - 105, q = 6*q - 4*u - 145. Suppose 96 - q = h. Calculate the remainder when h is divided by 36.
35
Let d be (-4)/10 - (-28)/20. Let y be (1/1 + -2)*d. Calculate the remainder when (-29 + -4)*y/3 is divided by 6.
5
Suppose -n + 2 = -3*n. Let w = -44 - -13. Let d = n - w. Calculate the remainder when d is divided by 16.
14
Let m be 1 + -3 - -6 - -17. Suppose 4*v - v - m = 0. What is the remainder when v is divided by 6?
1
Let t be (20 - -4)/(6/18). Let g = 114 - t. Calculate the remainder when g is divided by 9.
6
Suppose -3083 = -10*a - 1543. Suppose 0*l + 5*l - 260 = 0. Calculate the remainder when a is divided by l.
50
Suppose -g + 1304 = z, 3*g + 19*z - 3908 = 14*z. Calculate the remainder when g is divided by 77.
74
Let i(w) = -w**3 - 6*w**2 - 2*w - 8. Let f be i(-6). Let b = 58 + f. Suppose -25*o + 79 = -321. Calculate the remainder when b is divided by o.
14
Suppose -5*t = -4*s + 597, -4*s - 10*t = -11*t - 577. What is the remainder when s is divided by 21?
17
Let u(g) = g**3 - 10*g**2 + 13*g - 3. Calculate the remainder when 160 is divided by u(9).
28
Let i(o) = -41*o - 1. Suppose 4*p = -5*k - 24, 21 = -2*p + p - 5*k. What is the remainder when 158 is divided by i(p)?
38
Suppose -6*g = 44 + 4. Calculate the remainder when (-6)/4 + (-628)/g is divided by 16.
13
Suppose -43*z = -1016 - 360. Calculate the remainder when 327 is divided by z.
7
Let d be 0 - (-3 + 17/1). Let t = d + 8. What is the remainder when t/45 - (-242)/15 is divided by 10?
6
Let d = 133 - 54. Calculate the remainder when 3078 is divided by d.
76
Suppose 5*b = 2*u - 6, 2 = -u - 73*b + 78*b. Calculate the remainder when u is divided by 6.
2
Suppose 49*s - 2712 = 37*s. Calculate the remainder when s is divided by 33.
28
Suppose 2*y + 19 - 1 = 0. Let g = 25 + y. Let q = g - 7. Calculate the remainder when 35 is divided by q.
8
Let o(j) = j**2 - 11*j + 6. Let z be o(9). Let p = 40 - 59. Let t = z - p. Calculate the remainder when t is divided by 4.
3
Suppose 0 = -5*d + 656 - 156. Let a = -80 - -97. What is the remainder when d is divided by a?
15
Let o(i) = 21*i. Let n be o(1). Let g = n + -35. Let j = g + 26. Calculate the remainder when 35 is divided by j.
11
Let k = 40 - 32. Let o(t) = t**3 - 9*t**2 + 14*t - 20. Let v be o(k). Suppose -b - 4*i + v = 0, -1 = -2*i + 3. What is the remainder when 37 is divided by b?
17
Let o be 138/18 + 2 + (-4)/6. Suppose 0 = -q - o + 77. What is the remainder when q is divided by 14?
12
Let s = 16 - 12. Suppose -6*t + s*t + 26 = 0. Let v = t - 3. Calculate the remainder when 49 is divided by v.
9
Let g = 27 + -16. Calculate the remainder when ((-15 - 3) + -1)*-1 is divided by g.
8
What is the remainder when 258 is divided by (27/3)/3*2703/153?
46
Suppose 5*s + 3*a + 10 = 52, -2 = 2*a. Calculate the remainder when 29 is divided by (-3)/(-1*s/30).
9
Let g(r) = -7*r**3 - 2*r**2 - 3*r - 2. Let z = -39 + 10. Let k = z - -37. Calculate the remainder when k is divided by g(-1).
2
What is the remainder when 347 is divided by (1/(7/(-77)))/(-1)?
6
Let k be (12/(-5))/(6/(-20)). Suppose 21 - 5 = k*r. Suppose -12 - 14 = -r*x. Calculate the remainder when 50 is divided by x.
11
Suppose 17 = -x - 5*b, 5*b + 7 = -3*x + b. Suppose n + x = 17. What is the remainder when 54 is divided by n?
12
Let o(t) = t**3 + 16*t**2 + 21*t + 98. What is the remainder when 35 is divided by o(-15)?
3
Let n(c) = -c**3 + 5*c**2 + c - 11. Suppose 7*u - 10 = 2*u. Suppose 102 = 2*t - 4*z, -2*t + z + 204 = u*t. Calculate the remainder when t is divided by n(4).
6
Suppose -4*m + 212 - 20 = 0. Suppose -2*f = -2*u - 18, -4*f - 4*u + m + 12 = 0. Suppose 16 = g - f. What is the remainder when 82 is divided by g?
26
Let q(y) = -y**3 - 8*y**2 + 8*y + 5. Let c(j) = -j**3 + 9*j**2 - 8*j. Let h be c(8). Suppose -9 = x - h*x. What is the remainder when 54 is divided by q(x)?
12
Let k = -624 - -684. What is the remainder when 117 is divided by k?
57
Suppose -2*c + 32 = -3*t, 9 = -c + 5*t + 32. Let h = c + -6. Calculate the remainder when h is divided by (9 - (-600)/(-64))/((-2)/16).
1
Suppose 3*d + 3*o = 189, -3*d - o + 2*o + 173 = 0. Suppose 70*i - 617 = -99*i + 2087. Calculate the remainder when d is divided by i.
11
Let v = 251 - 143. Calculate the remainder when v is divided by 25 - ((-12)/(-4) + 6/2*-2).
24
Suppose 160 = 8*r + 2*r. Suppose 0 = 